0
What is the remainder when 20999 is divided by 120?
119
Calculate the remainder when 66 is divided by 16.
2
Calculate the remainder when 277 is divided by 96.
85
Calculate the remainder when 5308 is divided by 113.
110
What is the remainder when 561 is divided by 56?
1
Calculate the remainder when 348 is divided by 17.
8
What is the remainder when 266 is divided by 15?
11
What is the remainder when 1918 is divided by 40?
38
What is the remainder when 989 is divided by 110?
109
What is the remainder when 198 is divided by 52?
42
What is the remainder when 3006 is divided by 51?
48
What is the remainder when 67 is divided by 21?
4
What is the remainder when 121 is divided by 62?
59
What is the remainder when 1161 is divided by 12?
9
Calculate the remainder when 317 is divided by 64.
61
What is the remainder when 62 is divided by 39?
23
Calculate the remainder when 393 is divided by 18.
15
What is the remainder when 11884 is divided by 989?
16
What is the remainder when 1748 is divided by 5?
3
Calculate the remainder when 15602 is divided by 6.
2
Calculate the remainder when 485 is divided by 93.
20
What is the remainder when 100 is divided by 23?
8
What is the remainder when 3739 is divided by 78?
73
What is the remainder when 233 is divided by 59?
56
What is the remainder when 7194 is divided by 28?
26
What is the remainder when 285 is divided by 29?
24
What is the remainder when 563 is divided by 121?
79
Calculate the remainder when 57 is divided by 52.
5
Calculate the remainder when 1245 is divided by 602.
41
What is the remainder when 197 is divided by 38?
7
Calculate the remainder when 1400 is divided by 22.
14
Calculate the remainder when 154 is divided by 12.
10
Calculate the remainder when 167 is divided by 86.
81
What is the remainder when 69 is divided by 4?
1
Calculate the remainder when 217 is divided by 108.
1
Calculate the remainder when 310 is divided by 78.
76
What is the remainder when 2643 is divided by 52?
43
What is the remainder when 189 is divided by 65?
59
What is the remainder when 47 is divided by 12?
11
What is the remainder when 1159 is divided by 304?
247
Calculate the remainder when 79 is divided by 12.
7
Calculate the remainder when 472 is divided by 227.
18
What is the remainder when 879 is divided by 98?
95
What is the remainder when 282 is divided by 280?
2
What is the remainder when 42278 is divided by 51?
50
What is the remainder when 197 is divided by 21?
8
Calculate the remainder when 782 is divided by 93.
38
What is the remainder when 7495 is divided by 50?
45
What is the remainder when 165 is divided by 52?
9
What is the remainder when 740 is divided by 152?
132
Calculate the remainder when 949 is divided by 35.
4
What is the remainder when 128 is divided by 16?
0
What is the remainder when 573 is divided by 229?
115
What is the remainder when 2474 is divided by 62?
56
What is the remainder when 273 is divided by 94?
85
What is the remainder when 68 is divided by 18?
14
What is the remainder when 69 is divided by 38?
31
Calculate the remainder when 135 is divided by 64.
7
Calculate the remainder when 21 is divided by 17.
4
What is the remainder when 2214 is divided by 135?
54
Calculate the remainder when 202 is divided by 34.
32
What is the remainder when 1650 is divided by 734?
182
What is the remainder when 573 is divided by 85?
63
Calculate the remainder when 20 is divided by 20.
0
What is the remainder when 477 is divided by 52?
9
Calculate the remainder when 327 is divided by 314.
13
What is the remainder when 236 is divided by 66?
38
What is the remainder when 2467 is divided by 33?
25
Calculate the remainder when 911 is divided by 18.
11
Calculate the remainder when 422 is divided by 53.
51
What is the remainder when 285 is divided by 41?
39
What is the remainder when 1349 is divided by 278?
237
Calculate the remainder when 450 is divided by 35.
30
Calculate the remainder when 810 is divided by 34.
28
Calculate the remainder when 761 is divided by 192.
185
What is the remainder when 2203 is divided by 89?
67
Calculate the remainder when 190 is divided by 26.
8
What is the remainder when 1909 is divided by 13?
11
Calculate the remainder when 5054 is divided by 15.
14
Calculate the remainder when 108 is divided by 28.
24
What is the remainder when 225 is divided by 3?
0
What is the remainder when 186 is divided by 11?
10
What is the remainder when 1098 is divided by 28?
6
Calculate the remainder when 432 is divided by 23.
18
What is the remainder when 385 is divided by 28?
21
Calculate the remainder when 3325 is divided by 1084.
73
Calculate the remainder when 143 is divided by 40.
23
What is the remainder when 25 is divided by 12?
1
What is the remainder when 222 is divided by 52?
14
What is the remainder when 13947 is divided by 225?
222
What is the remainder when 1880 is divided by 75?
5
Calculate the remainder when 13233 is divided by 19.
9
Calculate the remainder when 244 is divided by 36.
28
What is the remainder when 75 is divided by 16?
11
Calculate the remainder when 86 is divided by 29.
28
Calculate the remainder when 66 is divided by 18.
12
What is the remainder when 260 is divided by 47?
25
What is the remainder when 20 is divided by 7?
6
Calculate the remainder when 107 is divided by 48.
11
Calculate the remainder when 497 is divided by 48.
17
Calculate the remainder when 896 is divided by 54.
32
Calculate the remainder when 386 is divided by 40.
26
What is the remainder when 51 is divided by 50?
1
What is the remainder when 703 is divided by 57?
19
What is the remainder when 711 is divided by 24?
15
Calculate the remainder when 711 is divided by 45.
36
Calculate the remainder when 531 is divided by 76.
75
What is the remainder when 95 is divided by 31?
2
What is the remainder when 148 is divided by 31?
24
Calculate the remainder when 58 is divided by 41.
17
Calculate the remainder when 371 is divided by 25.
21
Calculate the remainder when 130 is divided by 130.
0
Calculate the remainder when 155 is divided by 39.
38
Calculate the remainder when 137 is divided by 9.
2
What is the remainder when 8827 is divided by 26?
13
What is the remainder when 455 is divided by 92?
87
What is the remainder when 321 is divided by 36?
33
What is the remainder when 569 is divided by 163?
80
What is the remainder when 1701 is divided by 243?
0
What is the remainder when 81 is divided by 51?
30
What is the remainder when 214 is divided by 83?
48
What is the remainder when 251 is divided by 6?
5
What is the remainder when 921 is divided by 155?
146
What is the remainder when 446 is divided by 16?
14
Calculate the remainder when 6166 is divided by 19.
10
Calculate the remainder when 47 is divided by 8.
7
What is the remainder when 508 is divided by 87?
73
Calculate the remainder when 314 is divided by 35.
34
Calculate the remainder when 112 is divided by 39.
34
Calculate the remainder when 1739 is divided by 246.
17
What is the remainder when 2509 is divided by 80?
29
Calculate the remainder when 192 is divided by 178.
14
What is the remainder when 655 is divided by 167?
154
What is the remainder when 4481 is divided by 1482?
35
What is the remainder when 56 is divided by 10?
6
What is the remainder when 2191 is divided by 724?
19
What is the remainder when 198 is divided by 35?
23
What is the remainder when 714 is divided by 11?
10
Calculate the remainder when 3172 is divided by 17.
10
Calculate the remainder when 213 is divided by 54.
51
What is the remainder when 167 is divided by 139?
28
What is the remainder when 231 is divided by 41?
26
What is the remainder when 182 is divided by 95?
87
What is the remainder when 24 is divided by 14?
10
What is the remainder when 107 is divided by 58?
49
Calculate the remainder when 5582 is divided by 133.
129
What is the remainder when 280 is divided by 145?
135
What is the remainder when 2047 is divided by 64?
63
Calculate the remainder when 1084 is divided by 25.
9
What is the remainder when 1094 is divided by 208?
54
Calculate the remainder when 1785 is divided by 42.
21
Calculate the remainder when 230 is divided by 17.
9
Calculate the remainder when 529 is divided by 9.
7
Calculate the remainder when 391 is divided by 49.
48
Calculate the remainder when 334